[INFO] cloning repository https://github.com/koreanpanda345/SerenityExample
[INFO] running `Command { std: "git" "-c" "credential.helper=" "-c" "credential.helper=/workspace/cargo-home/bin/git-credential-null" "clone" "--bare" "https://github.com/koreanpanda345/SerenityExample" "/workspace/cache/git-repos/https%3A%2F%2Fgithub.com%2Fkoreanpanda345%2FSerenityExample", kill_on_drop: false }`
[INFO] [stderr] Cloning into bare repository '/workspace/cache/git-repos/https%3A%2F%2Fgithub.com%2Fkoreanpanda345%2FSerenityExample'...
[INFO] running `Command { std: "git" "rev-parse" "HEAD", kill_on_drop: false }`
[INFO] [stdout] 2576bddd9c8261d113e0d3913c3676783a254fea
[INFO] checking koreanpanda345/SerenityExample against try#72f88fc4e9458f89516a0b8b0868f3718aec5b47 for pr-74989
[INFO] running `Command { std: "git" "clone" "/workspace/cache/git-repos/https%3A%2F%2Fgithub.com%2Fkoreanpanda345%2FSerenityExample" "/workspace/builds/worker-1/source", kill_on_drop: false }`
[INFO] [stderr] Cloning into '/workspace/builds/worker-1/source'...
[INFO] [stderr] done.
[INFO] validating manifest of git repo https://github.com/koreanpanda345/SerenityExample on toolchain 72f88fc4e9458f89516a0b8b0868f3718aec5b47
[INFO] running `Command { std: "/workspace/cargo-home/bin/cargo" "+72f88fc4e9458f89516a0b8b0868f3718aec5b47" "read-manifest" "--manifest-path" "Cargo.toml", kill_on_drop: false }`
[INFO] started tweaking git repo https://github.com/koreanpanda345/SerenityExample
[INFO] removed path dependency serenity from git repo https://github.com/koreanpanda345/SerenityExample
[INFO] finished tweaking git repo https://github.com/koreanpanda345/SerenityExample
[INFO] tweaked toml for git repo https://github.com/koreanpanda345/SerenityExample written to /workspace/builds/worker-1/source/Cargo.toml
[INFO] crate git repo https://github.com/koreanpanda345/SerenityExample already has a lockfile, it will not be regenerated
[INFO] running `Command { std: "/workspace/cargo-home/bin/cargo" "+72f88fc4e9458f89516a0b8b0868f3718aec5b47" "fetch" "--locked" "--manifest-path" "Cargo.toml", kill_on_drop: false }`
[INFO] [stderr]     Blocking waiting for file lock on package cache
[INFO] [stderr]  Downloading crates ...
[INFO] [stderr]   Downloaded untrusted v0.7.0
[INFO] [stderr]   Downloaded tokio-executor v0.1.9
[INFO] [stderr]   Downloaded tokio-reactor v0.1.11
[INFO] [stderr]   Downloaded serde_derive v1.0.103
[INFO] [stderr]   Downloaded kankyo v0.3.0
[INFO] [stderr]   Downloaded tokio-rustls v0.10.2
[INFO] [stderr]   Downloaded flate2 v1.0.13
[INFO] [stderr]   Downloaded command_attr v0.1.5
[INFO] [stderr]   Downloaded webpki v0.21.0
[INFO] [stderr]   Downloaded http v0.1.20
[INFO] [stderr]   Downloaded tokio-timer v0.2.12
[INFO] [stderr]   Downloaded tungstenite v0.9.2
[INFO] [stderr]   Downloaded syn v1.0.9
[INFO] [stderr]   Downloaded ring v0.16.9
[INFO] [stderr]   Downloaded serenity v0.7.3
[INFO] [stderr]   Downloaded uwl v0.4.2
[INFO] [stderr]   Downloaded serde_json v1.0.42
[INFO] running `Command { std: "docker" "create" "-v" "/var/lib/crater-agent-workspace/builds/worker-1/target:/opt/rustwide/target:rw,Z" "-v" "/var/lib/crater-agent-workspace/builds/worker-1/source:/opt/rustwide/workdir:ro,Z" "-v" "/var/lib/crater-agent-workspace/cargo-home:/opt/rustwide/cargo-home:ro,Z" "-v" "/var/lib/crater-agent-workspace/rustup-home:/opt/rustwide/rustup-home:ro,Z" "-e" "SOURCE_DIR=/opt/rustwide/workdir" "-e" "CARGO_TARGET_DIR=/opt/rustwide/target" "-e" "CARGO_HOME=/opt/rustwide/cargo-home" "-e" "RUSTUP_HOME=/opt/rustwide/rustup-home" "-w" "/opt/rustwide/workdir" "-m" "1610612736" "--user" "0:0" "--network" "none" "rustops/crates-build-env@sha256:d92eaeed33fa75130ca1ee6c8a01d1ffb62bac859dfdfb3450e3e5d1c0146529" "/opt/rustwide/cargo-home/bin/cargo" "+72f88fc4e9458f89516a0b8b0868f3718aec5b47" "metadata" "--no-deps" "--format-version=1", kill_on_drop: false }`
[INFO] [stdout] f5da3138d18a37d35d76b9b3e8cfc51b074d47f157b9760511d10c6b68bae9b1
[INFO] [stderr] WARNING: Your kernel does not support swap limit capabilities or the cgroup is not mounted. Memory limited without swap.
[INFO] running `Command { std: "docker" "start" "-a" "f5da3138d18a37d35d76b9b3e8cfc51b074d47f157b9760511d10c6b68bae9b1", kill_on_drop: false }`
[INFO] running `Command { std: "docker" "inspect" "f5da3138d18a37d35d76b9b3e8cfc51b074d47f157b9760511d10c6b68bae9b1", kill_on_drop: false }`
[INFO] running `Command { std: "docker" "rm" "-f" "f5da3138d18a37d35d76b9b3e8cfc51b074d47f157b9760511d10c6b68bae9b1", kill_on_drop: false }`
[INFO] [stdout] f5da3138d18a37d35d76b9b3e8cfc51b074d47f157b9760511d10c6b68bae9b1
[INFO] running `Command { std: "docker" "create" "-v" "/var/lib/crater-agent-workspace/builds/worker-1/target:/opt/rustwide/target:rw,Z" "-v" "/var/lib/crater-agent-workspace/builds/worker-1/source:/opt/rustwide/workdir:ro,Z" "-v" "/var/lib/crater-agent-workspace/cargo-home:/opt/rustwide/cargo-home:ro,Z" "-v" "/var/lib/crater-agent-workspace/rustup-home:/opt/rustwide/rustup-home:ro,Z" "-e" "SOURCE_DIR=/opt/rustwide/workdir" "-e" "CARGO_TARGET_DIR=/opt/rustwide/target" "-e" "CARGO_INCREMENTAL=0" "-e" "RUST_BACKTRACE=full" "-e" "RUSTFLAGS=--cap-lints=forbid" "-e" "CARGO_HOME=/opt/rustwide/cargo-home" "-e" "RUSTUP_HOME=/opt/rustwide/rustup-home" "-w" "/opt/rustwide/workdir" "-m" "1610612736" "--user" "0:0" "--network" "none" "rustops/crates-build-env@sha256:d92eaeed33fa75130ca1ee6c8a01d1ffb62bac859dfdfb3450e3e5d1c0146529" "/opt/rustwide/cargo-home/bin/cargo" "+72f88fc4e9458f89516a0b8b0868f3718aec5b47" "check" "--frozen" "--all" "--all-targets" "--message-format=json", kill_on_drop: false }`
[INFO] [stdout] 81d57fc9abcfe51bc8b2a7e2dd7c0f4c2a57d13028493c9b187d18c459019183
[INFO] [stderr] WARNING: Your kernel does not support swap limit capabilities or the cgroup is not mounted. Memory limited without swap.
[INFO] running `Command { std: "docker" "start" "-a" "81d57fc9abcfe51bc8b2a7e2dd7c0f4c2a57d13028493c9b187d18c459019183", kill_on_drop: false }`
[INFO] [stderr]     Checking lazy_static v1.4.0
[INFO] [stderr]    Compiling byteorder v1.3.2
[INFO] [stderr]    Compiling semver-parser v0.7.0
[INFO] [stderr]     Checking futures v0.1.29
[INFO] [stderr]    Compiling cc v1.0.47
[INFO] [stderr]     Checking either v1.5.3
[INFO] [stderr]    Compiling syn v1.0.9
[INFO] [stderr]     Checking matches v0.1.8
[INFO] [stderr]     Checking fnv v1.0.6
[INFO] [stderr]     Checking smallvec v1.0.0
[INFO] [stderr]    Compiling maybe-uninit v2.0.0
[INFO] [stderr]     Checking slab v0.4.2
[INFO] [stderr]     Checking untrusted v0.7.0
[INFO] [stderr]     Checking spin v0.5.2
[INFO] [stderr]    Compiling serde v1.0.103
[INFO] [stderr]    Compiling httparse v1.3.4
[INFO] [stderr]    Compiling version_check v0.1.5
[INFO] [stderr]     Checking percent-encoding v2.1.0
[INFO] [stderr]     Checking percent-encoding v1.0.1
[INFO] [stderr]    Compiling failure_derive v0.1.6
[INFO] [stderr]    Compiling crc32fast v1.2.0
[INFO] [stderr]     Checking rustc-demangle v0.1.16
[INFO] [stderr]     Checking try-lock v0.2.2
[INFO] [stderr]     Checking byte-tools v0.3.1
[INFO] [stderr]     Checking adler32 v1.0.4
[INFO] [stderr]    Compiling encoding_rs v0.8.20
[INFO] [stderr]     Checking opaque-debug v0.2.3
[INFO] [stderr]     Checking fake-simd v0.1.2
[INFO] [stderr]    Compiling serenity v0.7.3
[INFO] [stderr]     Checking uwl v0.4.2
[INFO] [stderr]     Checking kankyo v0.3.0
[INFO] [stderr]     Checking try_from v0.3.2
[INFO] [stderr]    Compiling crossbeam-utils v0.7.0
[INFO] [stderr]    Compiling crossbeam-epoch v0.8.0
[INFO] [stderr]    Compiling indexmap v1.3.0
[INFO] [stderr]    Compiling num-traits v0.2.10
[INFO] [stderr]    Compiling num-integer v0.1.41
[INFO] [stderr]     Checking lock_api v0.3.2
[INFO] [stderr]     Checking unicode-bidi v0.3.4
[INFO] [stderr]     Checking crossbeam-utils v0.6.6
[INFO] [stderr]     Checking thread_local v0.3.6
[INFO] [stderr]     Checking unicode-normalization v0.1.11
[INFO] [stderr]    Compiling semver v0.9.0
[INFO] [stderr]     Checking block-padding v0.1.5
[INFO] [stderr]     Checking miniz_oxide v0.3.5
[INFO] [stderr]     Checking humantime v1.3.0
[INFO] [stderr]     Checking log v0.4.8
[INFO] [stderr]    Compiling error-chain v0.12.1
[INFO] [stderr]     Checking iovec v0.1.4
[INFO] [stderr]     Checking num_cpus v1.11.1
[INFO] [stderr]     Checking net2 v0.2.33
[INFO] [stderr]     Checking time v0.1.42
[INFO] [stderr]     Checking getrandom v0.1.13
[INFO] [stderr]     Checking rand_os v0.1.3
[INFO] [stderr]     Checking atty v0.2.13
[INFO] [stderr]     Checking smallvec v0.6.13
[INFO] [stderr]    Compiling rustc_version v0.2.3
[INFO] [stderr]     Checking crossbeam-queue v0.1.2
[INFO] [stderr]     Checking threadpool v1.7.1
[INFO] [stderr]    Compiling mime_guess v2.0.1
[INFO] [stderr]     Checking regex v1.3.1
[INFO] [stderr]     Checking rand_core v0.5.1
[INFO] [stderr]     Checking rand v0.6.5
[INFO] [stderr]     Checking mio v0.6.21
[INFO] [stderr]     Checking flate2 v1.0.13
[INFO] [stderr]     Checking bytes v0.4.12
[INFO] [stderr]     Checking base64 v0.10.1
[INFO] [stderr]     Checking block-buffer v0.7.3
[INFO] [stderr]     Checking rand_chacha v0.2.1
[INFO] [stderr]    Compiling memoffset v0.5.3
[INFO] [stderr]    Compiling parking_lot_core v0.6.2
[INFO] [stderr]    Compiling parking_lot v0.9.0
[INFO] [stderr]    Compiling hyper v0.12.35
[INFO] [stderr]     Checking tokio-executor v0.1.9
[INFO] [stderr]     Checking tokio-sync v0.1.7
[INFO] [stderr]     Checking futures-cpupool v0.1.8
[INFO] [stderr]     Checking want v0.2.0
[INFO] [stderr]     Checking idna v0.2.0
[INFO] [stderr]     Checking idna v0.1.5
[INFO] [stderr]     Checking sha-1 v0.8.1
[INFO] [stderr]     Checking rand v0.7.2
[INFO] [stderr]     Checking tokio-current-thread v0.1.6
[INFO] [stderr]     Checking tokio-timer v0.2.12
[INFO] [stderr]     Checking tokio-io v0.1.12
[INFO] [stderr]     Checking http v0.1.20
[INFO] [stderr]     Checking string v0.2.1
[INFO] [stderr]     Checking tokio-buf v0.1.1
[INFO] [stderr]     Checking input_buffer v0.2.0
[INFO] [stderr]    Compiling ring v0.16.9
[INFO] [stderr]    Compiling backtrace-sys v0.1.32
[INFO] [stderr]     Checking uuid v0.7.4
[INFO] [stderr]     Checking env_logger v0.7.1
[INFO] [stderr]     Checking url v2.1.0
[INFO] [stderr]     Checking url v1.7.2
[INFO] [stderr]     Checking tokio-reactor v0.1.11
[INFO] [stderr]     Checking crossbeam-deque v0.7.2
[INFO] [stderr]     Checking tokio-tcp v0.1.3
[INFO] [stderr]     Checking tokio-threadpool v0.1.16
[INFO] [stderr]     Checking backtrace v0.3.40
[INFO] [stderr]     Checking publicsuffix v1.5.4
[INFO] [stderr]     Checking cookie v0.12.0
[INFO] [stderr]     Checking tokio v0.1.22
[INFO] [stderr]     Checking h2 v0.1.26
[INFO] [stderr]     Checking http-body v0.1.0
[INFO] [stderr]     Checking tungstenite v0.9.2
[INFO] [stderr]     Checking sct v0.6.0
[INFO] [stderr]     Checking webpki v0.21.0
[INFO] [stderr]     Checking ct-logs v0.6.0
[INFO] [stderr]     Checking rustls v0.16.0
[INFO] [stderr]     Checking webpki-roots v0.17.0
[INFO] [stderr]    Compiling synstructure v0.12.3
[INFO] [stderr]     Checking tokio-rustls v0.10.2
[INFO] [stderr]     Checking hyper-rustls v0.17.1
[INFO] [stderr]    Compiling serde_derive v1.0.103
[INFO] [stderr]    Compiling command_attr v0.1.5
[INFO] [stderr]     Checking failure v0.1.6
[INFO] [stderr]     Checking serde_json v1.0.42
[INFO] [stderr]     Checking serde_urlencoded v0.5.5
[INFO] [stderr]     Checking chrono v0.4.10
[INFO] [stderr]     Checking cookie_store v0.7.0
[INFO] [stderr]     Checking reqwest v0.9.22
[INFO] [stderr]     Checking SerenityExample v0.1.0 (/opt/rustwide/workdir)
[INFO] [stdout] error[E0753]: expected outer doc comment
[INFO] [stdout]   --> src/main.rs:11:1
[INFO] [stdout]    |
[INFO] [stdout] 11 | //! Create connection to the Mod file to interact with the commands.
[INFO] [stdout]    | ^^^^^^^^^^^^^^^^^^^^^^^^^^^^^^^^^^^^^^^^^^^^^^^^^^^^^^^^^^^^^^^^^^^^
[INFO] [stdout]    |
[INFO] [stdout]    = note: inner doc comments like this (starting with `//!` or `/*!`) can only appear before items
[INFO] [stdout] 
[INFO] [stdout] 
[INFO] [stdout] error[E0753]: expected outer doc comment
[INFO] [stdout]   --> src/main.rs:13:1
[INFO] [stdout]    |
[INFO] [stdout] 13 | //!Notice that we had to add this. without it, we can't use any of the serenity dependenics and can't interact with the commands.
[INFO] [stdout]    | ^^^^^^^^^^^^^^^^^^^^^^^^^^^^^^^^^^^^^^^^^^^^^^^^^^^^^^^^^^^^^^^^^^^^^^^^^^^^^^^^^^^^^^^^^^^^^^^^^^^^^^^^^^^^^^^^^^^^^^^^^^^^^^^^^
[INFO] [stdout]    |
[INFO] [stdout]    = note: inner doc comments like this (starting with `//!` or `/*!`) can only appear before items
[INFO] [stdout] 
[INFO] [stdout] 
[INFO] [stdout] error[E0753]: expected outer doc comment
[INFO] [stdout]   --> src/main.rs:14:1
[INFO] [stdout]    |
[INFO] [stdout] 14 | //! Import files
[INFO] [stdout]    | ^^^^^^^^^^^^^^^^
[INFO] [stdout]    |
[INFO] [stdout]    = note: inner doc comments like this (starting with `//!` or `/*!`) can only appear before items
[INFO] [stdout] 
[INFO] [stdout] 
[INFO] [stdout] error[E0753]: expected outer doc comment
[INFO] [stdout]   --> src/main.rs:36:1
[INFO] [stdout]    |
[INFO] [stdout] 36 | //!We need to import the commands
[INFO] [stdout]    | ^^^^^^^^^^^^^^^^^^^^^^^^^^^^^^^^^
[INFO] [stdout]    |
[INFO] [stdout]    = note: inner doc comments like this (starting with `//!` or `/*!`) can only appear before items
[INFO] [stdout] 
[INFO] [stdout] 
[INFO] [stdout] error[E0753]: expected outer doc comment
[INFO] [stdout]   --> src/main.rs:41:1
[INFO] [stdout]    |
[INFO] [stdout] 41 | //! This is for sharding, if you know that you're not going to use shards, the don't use lines 32-35
[INFO] [stdout]    | ^^^^^^^^^^^^^^^^^^^^^^^^^^^^^^^^^^^^^^^^^^^^^^^^^^^^^^^^^^^^^^^^^^^^^^^^^^^^^^^^^^^^^^^^^^^^^^^^^^^^
[INFO] [stdout]    |
[INFO] [stdout]    = note: inner doc comments like this (starting with `//!` or `/*!`) can only appear before items
[INFO] [stdout] 
[INFO] [stdout] 
[INFO] [stdout] error[E0753]: expected outer doc comment
[INFO] [stdout]   --> src/main.rs:47:1
[INFO] [stdout]    |
[INFO] [stdout] 47 | //! This is handling events.
[INFO] [stdout]    | ^^^^^^^^^^^^^^^^^^^^^^^^^^^^
[INFO] [stdout]    |
[INFO] [stdout]    = note: inner doc comments like this (starting with `//!` or `/*!`) can only appear before items
[INFO] [stdout] 
[INFO] [stdout] 
[INFO] [stdout] error[E0753]: expected outer doc comment
[INFO] [stdout]   --> src/main.rs:54:5
[INFO] [stdout]    |
[INFO] [stdout] 54 |     //!Resumed Event
[INFO] [stdout]    |     ^^^^^^^^^^^^^^^^
[INFO] [stdout]    |
[INFO] [stdout]    = note: inner doc comments like this (starting with `//!` or `/*!`) can only appear before items
[INFO] [stdout] 
[INFO] [stdout] 
[INFO] [stdout] error[E0753]: expected outer doc comment
[INFO] [stdout]   --> src/main.rs:58:5
[INFO] [stdout]    |
[INFO] [stdout] 58 |     //! This is a command group holds commands in groups, by sections.
[INFO] [stdout]    |     ^^^^^^^^^^^^^^^^^^^^^^^^^^^^^^^^^^^^^^^^^^^^^^^^^^^^^^^^^^^^^^^^^^
[INFO] [stdout]    |
[INFO] [stdout]    = note: inner doc comments like this (starting with `//!` or `/*!`) can only appear before items
[INFO] [stdout] 
[INFO] [stdout] 
[INFO] [stdout] error[E0753]: expected outer doc comment
[INFO] [stdout]   --> src/main.rs:65:1
[INFO] [stdout]    |
[INFO] [stdout] 65 | //! We can have serenity make us a nice help embed.
[INFO] [stdout]    | ^^^^^^^^^^^^^^^^^^^^^^^^^^^^^^^^^^^^^^^^^^^^^^^^^^^
[INFO] [stdout]    |
[INFO] [stdout]    = note: inner doc comments like this (starting with `//!` or `/*!`) can only appear before items
[INFO] [stdout] 
[INFO] [stdout] 
[INFO] [stdout] error[E0753]: expected outer doc comment
[INFO] [stdout]   --> src/main.rs:66:1
[INFO] [stdout]    |
[INFO] [stdout] 66 | //! notice that there is a thing with '#[]' this is a flag, or a tag, its similar to properties.
[INFO] [stdout]    | ^^^^^^^^^^^^^^^^^^^^^^^^^^^^^^^^^^^^^^^^^^^^^^^^^^^^^^^^^^^^^^^^^^^^^^^^^^^^^^^^^^^^^^^^^^^^^^^^
[INFO] [stdout]    |
[INFO] [stdout]    = note: inner doc comments like this (starting with `//!` or `/*!`) can only appear before items
[INFO] [stdout] 
[INFO] [stdout] 
[INFO] [stdout] error: expected one of `,`, `.`, `?`, `}`, or an operator, found `;`
[INFO] [stdout]    --> src/main.rs:104:71
[INFO] [stdout]     |
[INFO] [stdout] 104 |         Err(why) => panic!("Couldn't get application info: {:?}", why);
[INFO] [stdout]     |                  -- while parsing the `match` arm starting here       ^ expected one of `,`, `.`, `?`, `}`, or an operator
[INFO] [stdout] 
[INFO] [stdout] 
[INFO] [stdout] error[E0753]: expected outer doc comment
[INFO] [stdout]    --> src/main.rs:111:9
[INFO] [stdout]     |
[INFO] [stdout] 111 |         //! Notice that the help and group names are all upper case. make sure you do this upper case, it will not work if you don't
[INFO] [stdout]     |         ^^^^^^^^^^^^^^^^^^^^^^^^^^^^^^^^^^^^^^^^^^^^^^^^^^^^^^^^^^^^^^^^^^^^^^^^^^^^^^^^^^^^^^^^^^^^^^^^^^^^^^^^^^^^^^^^^^^^^^^^^^^^
[INFO] [stdout]     |
[INFO] [stdout]     = note: inner doc comments like this (starting with `//!` or `/*!`) can only appear before items
[INFO] [stdout] 
[INFO] [stdout] 
[INFO] [stdout] error[E0753]: expected outer doc comment
[INFO] [stdout]    --> src/main.rs:112:9
[INFO] [stdout]     |
[INFO] [stdout] 112 |         //! and if its a group, makes sure to add '_GROUP' to it so it knows that it needs to get the group.
[INFO] [stdout]     |         ^^^^^^^^^^^^^^^^^^^^^^^^^^^^^^^^^^^^^^^^^^^^^^^^^^^^^^^^^^^^^^^^^^^^^^^^^^^^^^^^^^^^^^^^^^^^^^^^^^^^
[INFO] [stdout]     |
[INFO] [stdout]     = note: inner doc comments like this (starting with `//!` or `/*!`) can only appear before items
[INFO] [stdout] 
[INFO] [stdout] 
[INFO] [stdout] error: expected one of `)`, `,`, `.`, `?`, or an operator, found doc comment `//! Notice that the help and group names are all upper case. make sure you do this upper case, it will not work if you don't`
[INFO] [stdout]    --> src/main.rs:111:9
[INFO] [stdout]     |
[INFO] [stdout] 110 |             .prefix("~"))
[INFO] [stdout]     |                          - expected one of `)`, `,`, `.`, `?`, or an operator
[INFO] [stdout] 111 |         //! Notice that the help and group names are all upper case. make sure you do this upper case, it will not work if you don't
[INFO] [stdout]     |         ^^^^^^^^^^^^^^^^^^^^^^^^^^^^^^^^^^^^^^^^^^^^^^^^^^^^^^^^^^^^^^^^^^^^^^^^^^^^^^^^^^^^^^^^^^^^^^^^^^^^^^^^^^^^^^^^^^^^^^^^^^^^ unexpected token
[INFO] [stdout] 
[INFO] [stdout] 
[INFO] [stdout] error: expected one of `.`, `;`, `?`, `}`, or an operator, found `)`
[INFO] [stdout]    --> src/main.rs:114:31
[INFO] [stdout]     |
[INFO] [stdout] 114 |         .group(&GENERAL_GROUP));
[INFO] [stdout]     |                               ^ expected one of `.`, `;`, `?`, `}`, or an operator
[INFO] [stdout] 
[INFO] [stdout] 
[INFO] [stdout] error[E0753]: expected outer doc comment
[INFO] [stdout]   --> src/commands/meta.rs:10:1
[INFO] [stdout]    |
[INFO] [stdout] 10 | //! Since we didn't pass a name in the command flag, it will use the function's name, which in this case
[INFO] [stdout]    | ^^^^^^^^^^^^^^^^^^^^^^^^^^^^^^^^^^^^^^^^^^^^^^^^^^^^^^^^^^^^^^^^^^^^^^^^^^^^^^^^^^^^^^^^^^^^^^^^^^^^^^^^
[INFO] [stdout]    |
[INFO] [stdout]    = note: inner doc comments like this (starting with `//!` or `/*!`) can only appear before items
[INFO] [stdout] 
[INFO] [stdout] 
[INFO] [stdout] error[E0753]: expected outer doc comment
[INFO] [stdout]   --> src/commands/meta.rs:11:1
[INFO] [stdout]    |
[INFO] [stdout] 11 | //! is ping.
[INFO] [stdout]    | ^^^^^^^^^^^^
[INFO] [stdout]    |
[INFO] [stdout]    = note: inner doc comments like this (starting with `//!` or `/*!`) can only appear before items
[INFO] [stdout] 
[INFO] [stdout] 
[INFO] [stdout] error[E0753]: expected outer doc comment
[INFO] [stdout]   --> src/commands/meta.rs:15:5
[INFO] [stdout]    |
[INFO] [stdout] 15 |     //! Make sure you add this Ok(()). it will complain if you don't have this for any commands.
[INFO] [stdout]    |     ^^^^^^^^^^^^^^^^^^^^^^^^^^^^^^^^^^^^^^^^^^^^^^^^^^^^^^^^^^^^^^^^^^^^^^^^^^^^^^^^^^^^^^^^^^^^
[INFO] [stdout]    |
[INFO] [stdout]    = note: inner doc comments like this (starting with `//!` or `/*!`) can only appear before items
[INFO] [stdout] 
[INFO] [stdout] 
[INFO] [stdout] error[E0753]: expected outer doc comment
[INFO] [stdout]   --> src/commands/owner.rs:11:1
[INFO] [stdout]    |
[INFO] [stdout] 11 | //!Notice that we add a owners_only flag. this is a check. it makes sure that only the owners can use this command.
[INFO] [stdout]    | ^^^^^^^^^^^^^^^^^^^^^^^^^^^^^^^^^^^^^^^^^^^^^^^^^^^^^^^^^^^^^^^^^^^^^^^^^^^^^^^^^^^^^^^^^^^^^^^^^^^^^^^^^^^^^^^^^^^
[INFO] [stdout]    |
[INFO] [stdout]    = note: inner doc comments like this (starting with `//!` or `/*!`) can only appear before items
[INFO] [stdout] 
[INFO] [stdout] 
[INFO] [stdout] error[E0753]: expected outer doc comment
[INFO] [stdout]   --> src/main.rs:11:1
[INFO] [stdout]    |
[INFO] [stdout] 11 | //! Create connection to the Mod file to interact with the commands.
[INFO] [stdout]    | ^^^^^^^^^^^^^^^^^^^^^^^^^^^^^^^^^^^^^^^^^^^^^^^^^^^^^^^^^^^^^^^^^^^^
[INFO] [stdout]    |
[INFO] [stdout]    = note: inner doc comments like this (starting with `//!` or `/*!`) can only appear before items
[INFO] [stdout] 
[INFO] [stdout] 
[INFO] [stdout] error[E0753]: expected outer doc comment
[INFO] [stdout]   --> src/main.rs:13:1
[INFO] [stdout]    |
[INFO] [stdout] 13 | //!Notice that we had to add this. without it, we can't use any of the serenity dependenics and can't interact with the commands.
[INFO] [stdout]    | ^^^^^^^^^^^^^^^^^^^^^^^^^^^^^^^^^^^^^^^^^^^^^^^^^^^^^^^^^^^^^^^^^^^^^^^^^^^^^^^^^^^^^^^^^^^^^^^^^^^^^^^^^^^^^^^^^^^^^^^^^^^^^^^^^
[INFO] [stdout]    |
[INFO] [stdout]    = note: inner doc comments like this (starting with `//!` or `/*!`) can only appear before items
[INFO] [stdout] 
[INFO] [stdout] 
[INFO] [stdout] error[E0753]: expected outer doc comment
[INFO] [stdout]   --> src/main.rs:14:1
[INFO] [stdout]    |
[INFO] [stdout] 14 | //! Import files
[INFO] [stdout]    | ^^^^^^^^^^^^^^^^
[INFO] [stdout]    |
[INFO] [stdout]    = note: inner doc comments like this (starting with `//!` or `/*!`) can only appear before items
[INFO] [stdout] 
[INFO] [stdout] 
[INFO] [stdout] error[E0753]: expected outer doc comment
[INFO] [stdout]   --> src/main.rs:36:1
[INFO] [stdout]    |
[INFO] [stdout] 36 | //!We need to import the commands
[INFO] [stdout]    | ^^^^^^^^^^^^^^^^^^^^^^^^^^^^^^^^^
[INFO] [stdout]    |
[INFO] [stdout]    = note: inner doc comments like this (starting with `//!` or `/*!`) can only appear before items
[INFO] [stdout] 
[INFO] [stdout] 
[INFO] [stdout] error[E0753]: expected outer doc comment
[INFO] [stdout]   --> src/main.rs:41:1
[INFO] [stdout]    |
[INFO] [stdout] 41 | //! This is for sharding, if you know that you're not going to use shards, the don't use lines 32-35
[INFO] [stdout]    | ^^^^^^^^^^^^^^^^^^^^^^^^^^^^^^^^^^^^^^^^^^^^^^^^^^^^^^^^^^^^^^^^^^^^^^^^^^^^^^^^^^^^^^^^^^^^^^^^^^^^
[INFO] [stdout]    |
[INFO] [stdout]    = note: inner doc comments like this (starting with `//!` or `/*!`) can only appear before items
[INFO] [stdout] 
[INFO] [stdout] 
[INFO] [stdout] error[E0753]: expected outer doc comment
[INFO] [stdout]   --> src/main.rs:47:1
[INFO] [stdout]    |
[INFO] [stdout] 47 | //! This is handling events.
[INFO] [stdout]    | ^^^^^^^^^^^^^^^^^^^^^^^^^^^^
[INFO] [stdout]    |
[INFO] [stdout]    = note: inner doc comments like this (starting with `//!` or `/*!`) can only appear before items
[INFO] [stdout] 
[INFO] [stdout] 
[INFO] [stdout] error[E0753]: expected outer doc comment
[INFO] [stdout]   --> src/main.rs:54:5
[INFO] [stdout]    |
[INFO] [stdout] 54 |     //!Resumed Event
[INFO] [stdout]    |     ^^^^^^^^^^^^^^^^
[INFO] [stdout]    |
[INFO] [stdout]    = note: inner doc comments like this (starting with `//!` or `/*!`) can only appear before items
[INFO] [stdout] 
[INFO] [stdout] 
[INFO] [stdout] error[E0753]: expected outer doc comment
[INFO] [stdout]   --> src/main.rs:58:5
[INFO] [stdout]    |
[INFO] [stdout] 58 |     //! This is a command group holds commands in groups, by sections.
[INFO] [stdout]    |     ^^^^^^^^^^^^^^^^^^^^^^^^^^^^^^^^^^^^^^^^^^^^^^^^^^^^^^^^^^^^^^^^^^
[INFO] [stdout]    |
[INFO] [stdout]    = note: inner doc comments like this (starting with `//!` or `/*!`) can only appear before items
[INFO] [stdout] 
[INFO] [stdout] 
[INFO] [stdout] error[E0753]: expected outer doc comment
[INFO] [stdout]   --> src/main.rs:65:1
[INFO] [stdout]    |
[INFO] [stdout] 65 | //! We can have serenity make us a nice help embed.
[INFO] [stdout]    | ^^^^^^^^^^^^^^^^^^^^^^^^^^^^^^^^^^^^^^^^^^^^^^^^^^^
[INFO] [stdout]    |
[INFO] [stdout]    = note: inner doc comments like this (starting with `//!` or `/*!`) can only appear before items
[INFO] [stdout] 
[INFO] [stdout] 
[INFO] [stdout] error[E0753]: expected outer doc comment
[INFO] [stdout]   --> src/main.rs:66:1
[INFO] [stdout]    |
[INFO] [stdout] 66 | //! notice that there is a thing with '#[]' this is a flag, or a tag, its similar to properties.
[INFO] [stdout]    | ^^^^^^^^^^^^^^^^^^^^^^^^^^^^^^^^^^^^^^^^^^^^^^^^^^^^^^^^^^^^^^^^^^^^^^^^^^^^^^^^^^^^^^^^^^^^^^^^
[INFO] [stdout]    |
[INFO] [stdout]    = note: inner doc comments like this (starting with `//!` or `/*!`) can only appear before items
[INFO] [stdout] 
[INFO] [stdout] 
[INFO] [stdout] error: expected one of `,`, `.`, `?`, `}`, or an operator, found `;`
[INFO] [stdout]    --> src/main.rs:104:71
[INFO] [stdout]     |
[INFO] [stdout] 104 |         Err(why) => panic!("Couldn't get application info: {:?}", why);
[INFO] [stdout]     |                  -- while parsing the `match` arm starting here       ^ expected one of `,`, `.`, `?`, `}`, or an operator
[INFO] [stdout] 
[INFO] [stdout] 
[INFO] [stdout] error[E0753]: expected outer doc comment
[INFO] [stdout]    --> src/main.rs:111:9
[INFO] [stdout]     |
[INFO] [stdout] 111 |         //! Notice that the help and group names are all upper case. make sure you do this upper case, it will not work if you don't
[INFO] [stdout]     |         ^^^^^^^^^^^^^^^^^^^^^^^^^^^^^^^^^^^^^^^^^^^^^^^^^^^^^^^^^^^^^^^^^^^^^^^^^^^^^^^^^^^^^^^^^^^^^^^^^^^^^^^^^^^^^^^^^^^^^^^^^^^^
[INFO] [stdout]     |
[INFO] [stdout]     = note: inner doc comments like this (starting with `//!` or `/*!`) can only appear before items
[INFO] [stdout] 
[INFO] [stdout] 
[INFO] [stdout] error[E0753]: expected outer doc comment
[INFO] [stdout]    --> src/main.rs:112:9
[INFO] [stdout]     |
[INFO] [stdout] 112 |         //! and if its a group, makes sure to add '_GROUP' to it so it knows that it needs to get the group.
[INFO] [stdout]     |         ^^^^^^^^^^^^^^^^^^^^^^^^^^^^^^^^^^^^^^^^^^^^^^^^^^^^^^^^^^^^^^^^^^^^^^^^^^^^^^^^^^^^^^^^^^^^^^^^^^^^
[INFO] [stdout]     |
[INFO] [stdout]     = note: inner doc comments like this (starting with `//!` or `/*!`) can only appear before items
[INFO] [stdout] 
[INFO] [stdout] 
[INFO] [stdout] error: expected one of `)`, `,`, `.`, `?`, or an operator, found doc comment `//! Notice that the help and group names are all upper case. make sure you do this upper case, it will not work if you don't`
[INFO] [stdout]    --> src/main.rs:111:9
[INFO] [stdout]     |
[INFO] [stdout] 110 |             .prefix("~"))
[INFO] [stdout]     |                          - expected one of `)`, `,`, `.`, `?`, or an operator
[INFO] [stdout] 111 |         //! Notice that the help and group names are all upper case. make sure you do this upper case, it will not work if you don't
[INFO] [stdout]     |         ^^^^^^^^^^^^^^^^^^^^^^^^^^^^^^^^^^^^^^^^^^^^^^^^^^^^^^^^^^^^^^^^^^^^^^^^^^^^^^^^^^^^^^^^^^^^^^^^^^^^^^^^^^^^^^^^^^^^^^^^^^^^ unexpected token
[INFO] [stdout] 
[INFO] [stdout] 
[INFO] [stdout] error: expected one of `.`, `;`, `?`, `}`, or an operator, found `)`
[INFO] [stdout]    --> src/main.rs:114:31
[INFO] [stdout]     |
[INFO] [stdout] 114 |         .group(&GENERAL_GROUP));
[INFO] [stdout]     |                               ^ expected one of `.`, `;`, `?`, `}`, or an operator
[INFO] [stdout] 
[INFO] [stdout] 
[INFO] [stdout] error[E0753]: expected outer doc comment
[INFO] [stdout]   --> src/commands/meta.rs:10:1
[INFO] [stdout]    |
[INFO] [stdout] 10 | //! Since we didn't pass a name in the command flag, it will use the function's name, which in this case
[INFO] [stdout]    | ^^^^^^^^^^^^^^^^^^^^^^^^^^^^^^^^^^^^^^^^^^^^^^^^^^^^^^^^^^^^^^^^^^^^^^^^^^^^^^^^^^^^^^^^^^^^^^^^^^^^^^^^
[INFO] [stdout]    |
[INFO] [stdout]    = note: inner doc comments like this (starting with `//!` or `/*!`) can only appear before items
[INFO] [stdout] 
[INFO] [stdout] 
[INFO] [stdout] error[E0753]: expected outer doc comment
[INFO] [stdout]   --> src/commands/meta.rs:11:1
[INFO] [stdout]    |
[INFO] [stdout] 11 | //! is ping.
[INFO] [stdout]    | ^^^^^^^^^^^^
[INFO] [stdout]    |
[INFO] [stdout]    = note: inner doc comments like this (starting with `//!` or `/*!`) can only appear before items
[INFO] [stdout] 
[INFO] [stdout] 
[INFO] [stdout] error[E0753]: expected outer doc comment
[INFO] [stdout]   --> src/commands/meta.rs:15:5
[INFO] [stdout]    |
[INFO] [stdout] 15 |     //! Make sure you add this Ok(()). it will complain if you don't have this for any commands.
[INFO] [stdout]    |     ^^^^^^^^^^^^^^^^^^^^^^^^^^^^^^^^^^^^^^^^^^^^^^^^^^^^^^^^^^^^^^^^^^^^^^^^^^^^^^^^^^^^^^^^^^^^
[INFO] [stdout]    |
[INFO] [stdout]    = note: inner doc comments like this (starting with `//!` or `/*!`) can only appear before items
[INFO] [stdout] 
[INFO] [stdout] 
[INFO] [stdout] error[E0753]: expected outer doc comment
[INFO] [stdout]   --> src/commands/owner.rs:11:1
[INFO] [stdout]    |
[INFO] [stdout] 11 | //!Notice that we add a owners_only flag. this is a check. it makes sure that only the owners can use this command.
[INFO] [stdout]    | ^^^^^^^^^^^^^^^^^^^^^^^^^^^^^^^^^^^^^^^^^^^^^^^^^^^^^^^^^^^^^^^^^^^^^^^^^^^^^^^^^^^^^^^^^^^^^^^^^^^^^^^^^^^^^^^^^^^
[INFO] [stdout]    |
[INFO] [stdout]    = note: inner doc comments like this (starting with `//!` or `/*!`) can only appear before items
[INFO] [stdout] 
[INFO] [stdout] 
[INFO] [stdout] error: expected square brackets
[INFO] [stdout] 
[INFO] [stdout] 
[INFO] [stdout] error[E0432]: unresolved imports `serenity::framework::standard::macros::groups`, `serenity::model::event::ResumedEventm`
[INFO] [stdout]   --> src/main.rs:26:22
[INFO] [stdout]    |
[INFO] [stdout] 26 |             macros::{groups, help, check}
[INFO] [stdout]    |                      ^^^^^^ no `groups` in `framework::standard::macros`
[INFO] [stdout] ...
[INFO] [stdout] 29 |     model::{event::ResumedEventm, gateway::Ready, id::UserId},
[INFO] [stdout]    |             ^^^^^^^^^^^^^^^^^^^^ no `ResumedEventm` in `model::event`
[INFO] [stdout]    |
[INFO] [stdout] help: a similar name exists in the module
[INFO] [stdout]    |
[INFO] [stdout] 26 |             macros::{group, help, check}
[INFO] [stdout]    |                      ^^^^^
[INFO] [stdout] help: a similar name exists in the module
[INFO] [stdout]    |
[INFO] [stdout] 29 |     model::{event::ResumedEvent, gateway::Ready, id::UserId},
[INFO] [stdout]    |                    ^^^^^^^^^^^^
[INFO] [stdout] 
[INFO] [stdout] 
[INFO] [stdout] error: cannot find macro `group` in this scope
[INFO] [stdout]   --> src/main.rs:59:5
[INFO] [stdout]    |
[INFO] [stdout] 59 |     group!({
[INFO] [stdout]    |     ^^^^^
[INFO] [stdout] 
[INFO] [stdout] 
[INFO] [stdout] warning: unused doc comment
[INFO] [stdout]   --> src/main.rs:58:5
[INFO] [stdout]    |
[INFO] [stdout] 58 |     //! This is a command group holds commands in groups, by sections.
[INFO] [stdout]    |     ^^^^^^^^^^^^^^^^^^^^^^^^^^^^^^^^^^^^^^^^^^^^^^^^^^^^^^^^^^^^^^^^^^ rustdoc does not generate documentation for macro invocations
[INFO] [stdout]    |
[INFO] [stdout]    = note: `#[warn(unused_doc_comments)]` on by default
[INFO] [stdout]    = help: to document an item produced by a macro, the macro must produce the documentation as part of its expansion
[INFO] [stdout] 
[INFO] [stdout] 
[INFO] [stdout] warning: unused imports: `CommandResult`, `model::prelude::*`, `prelude::*`
[INFO] [stdout]  --> src/commands/meta.rs:3:5
[INFO] [stdout]   |
[INFO] [stdout] 3 |     prelude::*,
[INFO] [stdout]   |     ^^^^^^^^^^
[INFO] [stdout] 4 |     model::prelude::*,
[INFO] [stdout]   |     ^^^^^^^^^^^^^^^^^
[INFO] [stdout] 5 |     framework::standard::{
[INFO] [stdout] 6 |         CommandResult,
[INFO] [stdout]   |         ^^^^^^^^^^^^^
[INFO] [stdout]   |
[INFO] [stdout]   = note: `#[warn(unused_imports)]` on by default
[INFO] [stdout] 
[INFO] [stdout] 
[INFO] [stdout] warning: unused import: `crate::ShardManagerContainer`
[INFO] [stdout]  --> src/commands/owner.rs:2:5
[INFO] [stdout]   |
[INFO] [stdout] 2 | use crate::ShardManagerContainer;
[INFO] [stdout]   |     ^^^^^^^^^^^^^^^^^^^^^^^^^^^^
[INFO] [stdout] 
[INFO] [stdout] 
[INFO] [stdout] warning: unused imports: `CommandResult`, `model::prelude::*`, `prelude::*`
[INFO] [stdout]  --> src/commands/owner.rs:4:5
[INFO] [stdout]   |
[INFO] [stdout] 4 |     prelude::*,
[INFO] [stdout]   |     ^^^^^^^^^^
[INFO] [stdout] 5 |     model::prelude::*,
[INFO] [stdout]   |     ^^^^^^^^^^^^^^^^^
[INFO] [stdout] 6 |     framework::standard::{
[INFO] [stdout] 7 |         CommandResult,
[INFO] [stdout]   |         ^^^^^^^^^^^^^
[INFO] [stdout] 
[INFO] [stdout] 
[INFO] [stdout] warning: unused imports: `Args`, `CheckResult`, `CommandGroup`, `CommandOptions`, `CommandResult`, `DispatchError`, `HelpOptions`, `StandardFramework`, `check`, `help_commands`, `id::UserId`
[INFO] [stdout]   --> src/main.rs:24:13
[INFO] [stdout]    |
[INFO] [stdout] 24 |             Args, CheckResult, CommandOptions, CommandResult, CommandGroup,
[INFO] [stdout]    |             ^^^^  ^^^^^^^^^^^  ^^^^^^^^^^^^^^  ^^^^^^^^^^^^^  ^^^^^^^^^^^^
[INFO] [stdout] 25 |             DispatchError, HelpOptions, help_commands, StandardFramework,
[INFO] [stdout]    |             ^^^^^^^^^^^^^  ^^^^^^^^^^^  ^^^^^^^^^^^^^  ^^^^^^^^^^^^^^^^^
[INFO] [stdout] 26 |             macros::{groups, help, check}
[INFO] [stdout]    |                                    ^^^^^
[INFO] [stdout] ...
[INFO] [stdout] 29 |     model::{event::ResumedEventm, gateway::Ready, id::UserId},
[INFO] [stdout]    |                                                   ^^^^^^^^^^
[INFO] [stdout] 
[INFO] [stdout] 
[INFO] [stdout] warning: unused import: `error`
[INFO] [stdout]   --> src/main.rs:33:11
[INFO] [stdout]    |
[INFO] [stdout] 33 | use log::{error, info};
[INFO] [stdout]    |           ^^^^^
[INFO] [stdout] 
[INFO] [stdout] 
[INFO] [stdout] warning: unused import: `serenity::model::channel::Message`
[INFO] [stdout]   --> src/main.rs:35:5
[INFO] [stdout]    |
[INFO] [stdout] 35 | use serenity::model::channel::Message;
[INFO] [stdout]    |     ^^^^^^^^^^^^^^^^^^^^^^^^^^^^^^^^^
[INFO] [stdout] 
[INFO] [stdout] 
[INFO] [stdout] warning: unused imports: `meta::*`, `owner::*`
[INFO] [stdout]   --> src/main.rs:38:5
[INFO] [stdout]    |
[INFO] [stdout] 38 |     meta::*,
[INFO] [stdout]    |     ^^^^^^^
[INFO] [stdout] 39 |     owner::*,
[INFO] [stdout]    |     ^^^^^^^^
[INFO] [stdout] 
[INFO] [stdout] 
[INFO] [stdout] error: expected square brackets
[INFO] [stdout] 
[INFO] [stdout] 
[INFO] [stdout] error[E0432]: unresolved imports `serenity::framework::standard::macros::groups`, `serenity::model::event::ResumedEventm`
[INFO] [stdout]   --> src/main.rs:26:22
[INFO] [stdout]    |
[INFO] [stdout] 26 |             macros::{groups, help, check}
[INFO] [stdout]    |                      ^^^^^^ no `groups` in `framework::standard::macros`
[INFO] [stdout] ...
[INFO] [stdout] 29 |     model::{event::ResumedEventm, gateway::Ready, id::UserId},
[INFO] [stdout]    |             ^^^^^^^^^^^^^^^^^^^^ no `ResumedEventm` in `model::event`
[INFO] [stdout]    |
[INFO] [stdout] help: a similar name exists in the module
[INFO] [stdout]    |
[INFO] [stdout] 26 |             macros::{group, help, check}
[INFO] [stdout]    |                      ^^^^^
[INFO] [stdout] help: a similar name exists in the module
[INFO] [stdout]    |
[INFO] [stdout] 29 |     model::{event::ResumedEvent, gateway::Ready, id::UserId},
[INFO] [stdout]    |                    ^^^^^^^^^^^^
[INFO] [stdout] 
[INFO] [stdout] 
[INFO] [stdout] error: cannot find macro `group` in this scope
[INFO] [stdout]   --> src/main.rs:59:5
[INFO] [stdout]    |
[INFO] [stdout] 59 |     group!({
[INFO] [stdout]    |     ^^^^^
[INFO] [stdout] 
[INFO] [stdout] 
[INFO] [stdout] warning: unused doc comment
[INFO] [stdout]   --> src/main.rs:58:5
[INFO] [stdout]    |
[INFO] [stdout] 58 |     //! This is a command group holds commands in groups, by sections.
[INFO] [stdout]    |     ^^^^^^^^^^^^^^^^^^^^^^^^^^^^^^^^^^^^^^^^^^^^^^^^^^^^^^^^^^^^^^^^^^ rustdoc does not generate documentation for macro invocations
[INFO] [stdout]    |
[INFO] [stdout]    = note: `#[warn(unused_doc_comments)]` on by default
[INFO] [stdout]    = help: to document an item produced by a macro, the macro must produce the documentation as part of its expansion
[INFO] [stdout] 
[INFO] [stdout] 
[INFO] [stdout] warning: unused imports: `CommandResult`, `model::prelude::*`, `prelude::*`
[INFO] [stdout]  --> src/commands/meta.rs:3:5
[INFO] [stdout]   |
[INFO] [stdout] 3 |     prelude::*,
[INFO] [stdout]   |     ^^^^^^^^^^
[INFO] [stdout] 4 |     model::prelude::*,
[INFO] [stdout]   |     ^^^^^^^^^^^^^^^^^
[INFO] [stdout] 5 |     framework::standard::{
[INFO] [stdout] 6 |         CommandResult,
[INFO] [stdout]   |         ^^^^^^^^^^^^^
[INFO] [stdout]   |
[INFO] [stdout]   = note: `#[warn(unused_imports)]` on by default
[INFO] [stdout] 
[INFO] [stdout] 
[INFO] [stdout] warning: unused import: `crate::ShardManagerContainer`
[INFO] [stdout]  --> src/commands/owner.rs:2:5
[INFO] [stdout]   |
[INFO] [stdout] 2 | use crate::ShardManagerContainer;
[INFO] [stdout]   |     ^^^^^^^^^^^^^^^^^^^^^^^^^^^^
[INFO] [stdout] 
[INFO] [stdout] 
[INFO] [stdout] warning: unused imports: `CommandResult`, `model::prelude::*`, `prelude::*`
[INFO] [stdout]  --> src/commands/owner.rs:4:5
[INFO] [stdout]   |
[INFO] [stdout] 4 |     prelude::*,
[INFO] [stdout]   |     ^^^^^^^^^^
[INFO] [stdout] 5 |     model::prelude::*,
[INFO] [stdout]   |     ^^^^^^^^^^^^^^^^^
[INFO] [stdout] 6 |     framework::standard::{
[INFO] [stdout] 7 |         CommandResult,
[INFO] [stdout]   |         ^^^^^^^^^^^^^
[INFO] [stdout] 
[INFO] [stdout] 
[INFO] [stdout] warning: unused imports: `Args`, `CheckResult`, `CommandGroup`, `CommandOptions`, `CommandResult`, `DispatchError`, `HelpOptions`, `StandardFramework`, `check`, `help_commands`, `id::UserId`
[INFO] [stdout]   --> src/main.rs:24:13
[INFO] [stdout]    |
[INFO] [stdout] 24 |             Args, CheckResult, CommandOptions, CommandResult, CommandGroup,
[INFO] [stdout]    |             ^^^^  ^^^^^^^^^^^  ^^^^^^^^^^^^^^  ^^^^^^^^^^^^^  ^^^^^^^^^^^^
[INFO] [stdout] 25 |             DispatchError, HelpOptions, help_commands, StandardFramework,
[INFO] [stdout]    |             ^^^^^^^^^^^^^  ^^^^^^^^^^^  ^^^^^^^^^^^^^  ^^^^^^^^^^^^^^^^^
[INFO] [stdout] 26 |             macros::{groups, help, check}
[INFO] [stdout]    |                                    ^^^^^
[INFO] [stdout] ...
[INFO] [stdout] 29 |     model::{event::ResumedEventm, gateway::Ready, id::UserId},
[INFO] [stdout]    |                                                   ^^^^^^^^^^
[INFO] [stdout] 
[INFO] [stdout] 
[INFO] [stdout] warning: unused import: `error`
[INFO] [stdout]   --> src/main.rs:33:11
[INFO] [stdout]    |
[INFO] [stdout] 33 | use log::{error, info};
[INFO] [stdout]    |           ^^^^^
[INFO] [stdout] 
[INFO] [stdout] 
[INFO] [stdout] warning: unused import: `serenity::model::channel::Message`
[INFO] [stdout]   --> src/main.rs:35:5
[INFO] [stdout]    |
[INFO] [stdout] 35 | use serenity::model::channel::Message;
[INFO] [stdout]    |     ^^^^^^^^^^^^^^^^^^^^^^^^^^^^^^^^^
[INFO] [stdout] 
[INFO] [stdout] 
[INFO] [stdout] warning: unused imports: `meta::*`, `owner::*`
[INFO] [stdout]   --> src/main.rs:38:5
[INFO] [stdout]    |
[INFO] [stdout] 38 |     meta::*,
[INFO] [stdout]    |     ^^^^^^^
[INFO] [stdout] 39 |     owner::*,
[INFO] [stdout]    |     ^^^^^^^^
[INFO] [stdout] 
[INFO] [stdout] 
[INFO] [stdout] error: aborting due to 22 previous errors; 8 warnings emitted
[INFO] [stdout] 
[INFO] [stdout] 
[INFO] [stdout] Some errors have detailed explanations: E0432, E0753.
[INFO] [stdout] 
[INFO] [stdout] For more information about an error, try `rustc --explain E0432`.
[INFO] [stdout] 
[INFO] [stderr] error: could not compile `SerenityExample`.
[INFO] [stderr] 
[INFO] [stderr] To learn more, run the command again with --verbose.
[INFO] [stderr] warning: build failed, waiting for other jobs to finish...
[INFO] [stdout] error: aborting due to 22 previous errors; 8 warnings emitted
[INFO] [stdout] 
[INFO] [stdout] 
[INFO] [stdout] Some errors have detailed explanations: E0432, E0753.
[INFO] [stdout] 
[INFO] [stdout] For more information about an error, try `rustc --explain E0432`.
[INFO] [stdout] 
[INFO] [stderr] error: build failed
[INFO] running `Command { std: "docker" "inspect" "81d57fc9abcfe51bc8b2a7e2dd7c0f4c2a57d13028493c9b187d18c459019183", kill_on_drop: false }`
[INFO] running `Command { std: "docker" "rm" "-f" "81d57fc9abcfe51bc8b2a7e2dd7c0f4c2a57d13028493c9b187d18c459019183", kill_on_drop: false }`
[INFO] [stdout] 81d57fc9abcfe51bc8b2a7e2dd7c0f4c2a57d13028493c9b187d18c459019183
